What is the hundreds digit of 244339?
3
What is the ten thousands digit of 12970?
1
What is the hundred thousands digit of 244746?
2
What is the ten thousands digit of 298789?
9
What is the ten thousands digit of 658805?
5
What is the hundred thousands digit of 5226507?
2
What is the millions digit of 9186835?
9
What is the tens digit of 412920?
2
What is the hundreds digit of 8913256?
2
What is the units digit of 549089?
9
What is the ten millions digit of 12242460?
1
What is the ten thousands digit of 20312327?
1
What is the tens digit of 3057719?
1
What is the thousands digit of 573428?
3
What is the units digit of 1036495?
5
What is the units digit of 1434268?
8
What is the units digit of 471525?
5
What is the tens digit of 161471?
7
What is the units digit of 29448268?
8
What is the units digit of 575672?
2
What is the units digit of 1237478?
8
What is the tens digit of 349497?
9
What is the tens digit of 1445715?
1
What is the hundreds digit of 29360429?
4
What is the thousands digit of 143529?
3
What is the hundred thousands digit of 7611890?
6
What is the ten thousands digit of 1380287?
8
What is the tens digit of 915691?
9
What is the thousands digit of 71608?
1
What is the tens digit of 149795?
9
What is the tens digit of 108032?
3
What is the hundred thousands digit of 473422?
4
What is the millions digit of 4104361?
4
What is the ten thousands digit of 232399?
3
What is the millions digit of 1991246?
1
What is the ten thousands digit of 862282?
6
What is the hundreds digit of 3277498?
4
What is the ten thousands digit of 72660?
7
What is the tens digit of 854572?
7
What is the hundred thousands digit of 855693?
8
What is the tens digit of 81258?
5
What is the hundreds digit of 799379?
3
What is the tens digit of 160174?
7
What is the ten thousands digit of 2125571?
2
What is the thousands digit of 178427?
8
What is the units digit of 877506?
6
What is the thousands digit of 5708276?
8
What is the units digit of 629205?
5
What is the units digit of 469310?
0
What is the hundreds digit of 683842?
8
What is the hundreds digit of 33677845?
8
What is the thousands digit of 905617?
5
What is the hundreds digit of 5579102?
1
What is the millions digit of 6048761?
6
What is the hundreds digit of 22772218?
2
What is the hundred thousands digit of 23760448?
7
What is the tens digit of 20443975?
7
What is the thousands digit of 393948?
3
What is the units digit of 66477?
7
What is the ten thousands digit of 383064?
8
What is the thousands digit of 899463?
9
What is the units digit of 310474?
4
What is the ten millions digit of 13249587?
1
What is the units digit of 205885?
5
What is the units digit of 5985010?
0
What is the ten thousands digit of 152292?
5
What is the millions digit of 2208450?
2
What is the tens digit of 325278?
7
What is the thousands digit of 4223354?
3
What is the thousands digit of 18522094?
2
What is the hundred thousands digit of 2028369?
0
What is the units digit of 233785?
5
What is the units digit of 3474268?
8
What is the hundreds digit of 10841507?
5
What is the hundred thousands digit of 6783674?
7
What is the units digit of 7126761?
1
What is the units digit of 705986?
6
What is the thousands digit of 19805442?
5
What is the units digit of 1730553?
3
What is the hundreds digit of 240573?
5
What is the hundreds digit of 626683?
6
What is the hundred thousands digit of 586068?
5
What is the hundred thousands digit of 2183475?
1
What is the tens digit of 4262?
6
What is the thousands digit of 415987?
5
What is the ten thousands digit of 3044947?
4
What is the hundreds digit of 224180?
1
What is the tens digit of 2038318?
1
What is the millions digit of 1656363?
1
What is the tens digit of 1299942?
4
What is the ten thousands digit of 1025743?
2
What is the hundred thousands digit of 1185861?
1
What is the ten thousands digit of 9258973?
5
What is the thousands digit of 564474?
4
What is the tens digit of 495410?
1
What is the units digit of 1119508?
8
What is the units digit of 643102?
2
What is the tens digit of 297188?
8
What is the tens digit of 10467037?
3
What is the hundred thousands digit of 1330388?
3
What is the ten thousands digit of 19474530?
7
What is the tens digit of 5450454?
5
What is the ten thousands digit of 3659120?
5
What is the hundreds digit of 3277867?
8
What is the ten thousands digit of 332670?
3
What is the hundreds digit of 1608969?
9
What is the ten thousands digit of 24744422?
4
What is the millions digit of 2748727?
2
What is the hundreds digit of 616637?
6
What is the hundreds digit of 207377?
3
What is the units digit of 99921?
1
What is the thousands digit of 7678427?
8
What is the tens digit of 936163?
6
What is the ten thousands digit of 330547?
3
What is the hundred thousands digit of 123051?
1
What is the thousands digit of 792220?
2
What is the millions digit of 1299998?
1
What is the hundreds digit of 1848527?
5
What is the hundred thousands digit of 6114490?
1
What is the hundreds digit of 15626?
6
What is the thousands digit of 2197260?
7
What is the thousands digit of 3227636?
7
What is the tens digit of 224508?
0
What is the millions digit of 12536427?
2
What is the tens digit of 30290066?
6
What is the tens digit of 1180163?
6
What is the millions digit of 29599882?
9
What is the units digit of 8291887?
7
What is the tens digit of 3405082?
8
What is the units digit of 395496?
6
What is the tens digit of 849557?
5
What is the thousands digit of 4114569?
4
What is the units digit of 474971?
1
What is the tens digit of 476228?
2
What is the ten thousands digit of 399860?
9
What is the tens digit of 4965497?
9
What is the ten thousands digit of 276270?
7
What is the units digit of 316272?
2
What is the tens digit of 192079?
7
What is the units digit of 3880418?
8
What is the units digit of 3156905?
5
What is the thousands digit of 1009377?
9
What is the hundreds digit of 161637?
6
What is the tens digit of 358091?
9
What is the thousands digit of 656311?
6
What is the hundreds digit of 12388001?
0
What is the millions digit of 6499000?
6
What is the thousands digit of 231896?
1
What is the hundreds digit of 30552?
5
What is the hundred thousands digit of 1098898?
0
What is the units digit of 18644928?
8
What is the ten thousands digit of 21865443?
6
What is the hundred thousands digit of 108236?
1
What is the ten thousands digit of 99510?
9
What is the millions digit of 1823230?
1
What is the units digit of 38387?
7
What is the hundred thousands digit of 25731297?
7
What is the ten millions digit of 15982452?
1
What is the units digit of 957396?
6
What is the thousands digit of 337585?
7
What is the tens digit of 113436?
3
What is the thousands digit of 34261?
4
What is the hundreds digit of 2258073?
0
What is the tens digit of 3333205?
0
What is the hundred thousands digit of 925451?
9
What is the units digit of 3771014?
4
What is the units digit of 4363134?
4
What is the tens digit of 109564?
6
What is the hundreds digit of 279824?
8
What is the tens digit of 1416209?
0
What is the millions digit of 14347707?
4
What is the tens digit of 5407872?
7
What is the hundreds digit of 44345?
3
What is the thousands digit of 790632?
0
What is the units digit of 50299?
9
What is the units digit of 1684486?
6
What is the thousands digit of 50702?
0
What is the ten millions digit of 14507762?
1
What is the hundreds digit of 5293593?
5
What is the ten thousands digit of 456897?
5
What is the ten thousands digit of 2457037?
5
What is the hundred thousands digit of 174446?
1
What is the units digit of 1341552?
2
What is the units digit of 568999?
9
What is the units digit of 929140?
0
What is the tens digit of 1783153?
5
What is the ten thousands digit of 39294398?
9
What is the ten thousands digit of 296782?
9
What is the units digit of 2002252?
2
What is the units digit of 3515751?
1
What is the hundreds digit of 13815911?
9
What is the tens digit of 15344243?
4
What is the thousands digit of 423714?
3
What is the hundreds digit of 245133?
1
What is the units digit of 136507?
7
What is the thousands digit of 6574?
6
What is the tens digit of 4669500?
0
What is the units digit of 57521?
1
What is the ten thousands digit of 563788?
6
What is the hundreds digit of 279860?
8
What is th